 (3 - (32 - 99))
27
What is the value of 5 + -14 + (10 - 6) + 2 - (-24 + 16)?
5
Evaluate ((-5 - 1) + 10 - (2 + 2 + -2)) + 106.
108
Calculate (-29 - -33 - (-1 + 6)) + 62.
61
Evaluate -439 + 408 - (-1 - 39) - (45 - 0).
-36
What is the value of (38 - (126 + -18)) + 26?
-44
What is the value of (-7 + -8 - -6) + (14 - 13 - 5) + 67?
54
What is the value of 16 + -16 + (5 - -3) + (16 - (-11 - -14))?
21
What is -21 + (-27 - (22 - 40))?
-30
What is the value of 11 + -21 + (35 - (18 - 15))?
22
What is 20 + -125 + 51 + 52?
-2
-39 + (124 - (71 + -44))
58
What is (-81 - (-144 - -14)) + -95?
-46
Calculate -78 + (-5 - ((18 - (-1 + 1)) + (2490 - 2502))).
-89
What is the value of -13 - (-23 + 5 + 4 + -9)?
10
(37 + -46 + -1 - -4) + -36
-42
-34 - ((10 + -17 - (-4 - -3)) + -3)
-25
What is the value of -124 - -127 - (1 + 9 + 1)?
-8
72 - (-14 - -34) - (-39 + 12 + 6)
73
7 + (-14 - (-245 + 224 - (12 - 2)))
24
What is -121 + (166 - (-58 - -31))?
72
What is the value of -107 - -19 - (175 - 276)?
13
What is the value of (2 - (3 + -2) - -104) + -31 + 14 + 10?
98
-41 + (33 - 7) + 31
16
-12 + (40 - 11) + 27 + -22
22
61 + (4 - 61 - -116)
120
What is the value of -7 + (-45 - (28 - (15 + -9)))?
-74
What is -490 + (900 - 396) + (0 + -1 + 2 - -73)?
88
(18 - (10 + (-9 + -7 - -11))) + -59 - 13
-59
What is the value of (-4 - 25) + (-24 - -49) + -71?
-75
What is 8 + 2 - 11 - (-1 + 5) - -36 - -13?
44
What is the value of -30 + 3 + (-13 - -13)?
-27
Evaluate 10 + -11 + (-1 + 1 + 62 - (-1464 + 1472)).
53
2 - (-1 + -18) - ((-6 - -20) + 0 + -20)
27
Calculate 6 + -94 + -9 + (-46 - -14) + 45.
-84
What is 4 + 2 + 16 - (-33 + -54 + 96)?
13
5 - -66 - ((-48 - -18) + (-30 - -64))
67
Evaluate 28 - (-33 + 23 - -23) - -27.
42
Calculate 11 + (-14 - (5 + -2)) + -22.
-28
3 + 13 + 13 + (-5 - -10 - (0 + -7))
41
What is the value of -928 + 933 - (0 - 70)?
75
(5 - -8) + (81 + -79 - (82 + -2))
-65
What is the value of 6 - (-17 - (4 - (1 + 1 + 7)) - -3)?
15
-12 - ((1 - 49) + (0 - -20) + -1033 + 1016)
33
Calculate -2 + 31 - 3 - (-1427 - -1419).
34
Calculate -5 + -20 - (-64 + 3).
36
Calculate (2 - 14) + -36 + (-8 - -12 - -15).
-29
What is (-13 + 4 - -1) + 35 + -23 + -116?
-112
(-96 - -69 - -69) + -40
2
Calculate -7 + (-17 + -1 - (50 + -53)).
-22
-2 + 0 - (-60 - (-13 + (9 - 3)))
51
23 - (-4 + 4 + (139 - 137))
21
What is the value of (-69 - (49 - 30)) + 31?
-57
-9 + (1 + -1 - (-7 + 10)) - (2632 - 2610)
-34
23 + -166 - (43 - 147)
-39
Evaluate 9 + (28 - 3 - (6 - 8 - (-21 - -18))).
33
What is 32 + (-2 + 8 - (24 - (30 - 7))) + 10?
47
What is the value of (201 - (242 + 69)) + 24 + -2?
-88
What is 11 + (-6 - (-1 + 130) - (-48 - -28 - -7))?
-111
-61 + (97 - 45 - -72)
63
What is (-18 - -85) + 1 + 10 + 8?
86
Calculate (18 - 9 - (10 + 5)) + 11 + (4 - 30).
-21
What is the value of 129 + -93 + (-7 - -17 - -46)?
92
Calculate -1660 + 1646 + -30 + (3 + 0 - (4 + 2)).
-47
What is the value of 52 - (2 + (-1 - (11 + -5 + -8)))?
49
What is the value of (-21 - -16) + (12 - 17 - 1 - -26)?
15
11 + -12 + 15 + 13 + (19 - 17)
29
15 + -26 + -38 + 18 + 15 + 89
73
-2 + 6 + 9 + -23 - (1 - -37)
-48
Calculate 1 + -36 - ((282 - 219) + -145).
47
What is the value of 60 - (61 + (-22 - 10))?
31
Calculate -31 - -61 - (-6 - 25) - (-2 + (3 - 0)).
60
(8 - 7) + -8 + -4 + -32 + 4 + 2
-37
-39 - (10 + -27 + 14) - 26
-62
Calculate 50 + (2 + 6 - 4 - (-7 + (10 - -1))).
50
What is the value of 36 - (95 - (15 - -11))?
-33
Calculate 1 + (-34 - (-56 + 11)).
12
Evaluate -13 + 1 + (-2 - 0) + -54 + 159 + -89.
2
What is the value of -24 + 31 + (-31 + -130 - -23)?
-131
Calculate 9 - -7 - (0 - 9 - (-37 + (4 - -13))).
5
(-1 - (1 + -81)) + (53 - (-65 + 53)) + -56
88
147 - (33 - (10 + 13) - (-15 - -5))
127
Calculate 9 - (-10 - (2 - 18) - (-6 + -30)).
-33
11 + -13 + 16 - (157 + -194)
51
What is the value of -38 + 139 + -3 + -25 + 28?
101
Evaluate 95 - 12 - (406 + -245).
-78
What is the value of -29 + 0 - (-505 + 541 - (32 - -5))?
-28
What is 54 - (15 - (33 - 5))?
67
What is the value of (50 - (77 - 74 - (6 + -4 + 4))) + -11?
42
What is -103 - -21 - (-17 + (7 - -12) - -7)?
-91
What is the value of -17 + 1 + (18 - 18) - (1704 + -1715)?
-5
What is the value of (1 - (4 - 1)) + (-75 - (-77 - -41))?
-41
What is (129 - (244 + -193)) + (-1 - (-4 - -2))?
79
13 - (33 + (-5 - 0) + -8 + 7)
-14
What is the value of (-1 - -4) + (-12 - -2) - 3 - 1?
-11
What is the value of (4 - 6 - -12) + (5 + 6 - (46 + -44))?
19
What is 51 + (-167 - -105) + -16?
-27
Evaluate (86 - 54) + (16 + -14 - -5).
39
Calculate (48 - 5) + (-62 - -19) - (1 + -31).
30
(150 - 44) + -65 - 33
8
What is the value of -19 + (8 + -11 - -30) + 3?
11
What is the value of (-123 + 104 - (-20 - 2)) + -12?
-9
Calculate (70 + -171 - -89) + -64.
-76
Calculate 4 + (-1 - 0) - (-30 - (-10 - (-1 + -29))).
53
Evaluate (-10 - 2) + -1 + 11 + -12 + 55.
41
Calculate 144 + -15 + (-3 - 1) + 10 + (12 - 1).
146
-55 - 22 - (61 + -105)
-33
Evaluate (-19 - (41 - 51)) + (15 + -2 - 2) - 1.
1
What is 29 + -109 + (133 - -5)?
58
Evaluate 63 + -82 + 62 + 18 - (-5 + -1).
67
Calculate 3 + 5 + (-10 - -8) + 20 + (-5 - 2).
19
What is -4 - 2 - ((12 + -23 - 4) + (6 - 10))?
13
Evaluate (11 - (-22 + 10 - -1 - -11)) + 15.
26
What is 16 + (8 - 1 - -6 - 27 - -5)?
7
What is the value of -2 - (-35 - (-17 + 22 - 20))?
18
What is the value of -25 + (15 - 23) + 9 + -3 + 11?
-16
What is the value of -32 - (5 - 1) - (41 + 27 + -82)?
-22
(-6 + 1 - 0) + (15 - 19 - -46)
37
What is 7 + 55 + (-4 - -1 - (5 - 0)) + -2?
52
Evaluate 60 + -128 + (67 - 46).
-47
Calculate (-110 + 147 - 105) + 62.
-6
Calculate (-8 - (3 + -6)) + (46 + -36 - -2).
7
Evaluate (2 - -18) + (-13 + 15 - 31).
-9
385 + -735 + 333 - (2 - (-100 + -2))
-121
Calculate 63 - (10 + (-1 - 11) + 14 + 10 + -10).
51
Calculate (14 - (3 - 4)) + 3 + 190 + -178.
30
What is 7 - 11 - -15 - (-13 + 15) - -60?
69
What is 5 + 20 + -13 + (2 + 4 - 5)?
13
Calculate -11 + (30 - 14) - 56 - (-7 - -1).
-45
Evaluate -33 + 28 + (-8 - -17) - (-2 + 18).
-12
Calculate (-103 - -148) + (-24 - 21).
0
(0 - (-2 - 80)) + (-71 + 188 - 127)
72
What is 67 + -40 - 30 - -26?
23
51 + -47 - (-3 + 3 + 3 - 10)
11
What is -19 + 58 + (-28 - -13) - (0 - 8)?
32
-45 - (99 + -145 - 16)
17
What is the value of (2 - (1 + -5)) + (49 - (-11 + -6) - 4)?
68
What is -24 - -2 - (0 + -22 - 1 - -27)?
-26
Calculate (4 - -16) + 385 + -362 - -26.
69
What is the value of -98 + 82 - (-56 + -35)?
75
39 + (6 - -2 - (54 - 52)) - 5
40
Evaluate -80 - (-12 - (62 - 36)).
-42
Evaluate -8002 + 8001 - (-2 + 1 + (0 - -5)).
-5
Calculate 3 - (-22 + (-3 - 0) + 6 - (-23 + 27)).
26
What is (1 - (0 - -5)) + -612 + 592?
-24
What is the value of (7 + 21 - (22 + -23)) + -15 + (-106 - 1)?
-93
Evaluate 40 + (-118 - (35 - 70)).
-43
What is 10 + -14 + -82 + (12 - -18)?
-56
What is the value of 37 - 0 - (-5 - (5 + 0 + (88 - 103)))?
32
(26 - -40) + -60 - 24
-18
What is the value of (-342 - -339 - (-1 - -14)) + 12?
-4
48 + 8 + (-55 - -66)
67
What is the value of 28 + (-9 + -22 - -22 - (2 + -7))?
24
What is the value of (74 + -16 + -8 - -17) + 8?
75
Calculate 156 + -279 + (91 - 26).
-58
What is (114 + -164 - -127) + -25?
52
What is the value of -2 + (21 - 52) - (106 - 50)?
-89
What is the value of (8 - (-7 + 5 - -5)) + 5 - (-44 + 71)?
-17
What is -35 + (-84 + 42 - -154)?
77
-8 - (41 - (0 + (152 - 27)))
76
Evaluate (-45 - (-44 - 40)) + -76.
-37
What is the value of (10 - 7 - (3 + -10)) + 388 + -326?
72
Evaluate 17 + (-7 - -25) + -38.
-3
What is 13 + (-63 - -48) - -2?
0
What is 10 + -1 - (-16 - -26) - (-96 - -69)?
26
Calculate (-7 - -7) + 26 + -32 + 86.
80
Evaluate 58 + -46 + 27 - 2.
37
Evaluate 0 - -16 - (-94 - (216 + -374)).
-48
Evaluate (-65 - -25 - -67) + 37.
64
What is 13 + (33 - (-27 + 30)) + -75?
-32
What is 134 + -152 - (-62 - -3 - -4) - -18?
55
What is 109 + -31 + -36 + -101 - (0 - 12)?
-47
Evaluate 15 + (-4 - -5) + (15 - 51).
-20
What is -26 + -43 + 73 + -41?
-37
(-13 - (-2 + 3)) + (-1455 - -1518)
49
Evaluate -30 - -12 - (62 - 56).
-24
What is 3 + -65 + (834 - 832)?
-60
Calculate 3 + (-2 - -5 - 25) + (-154 - -243).
70
Evaluate (4 + -5 - 3) + -2 + (13 - (-6 + -25)).
38
What is 14 - 36 - (-17 - (16 - 16))?
-5
What is -1 + -25 + 58 + -19?
13
Evaluate 8 - (31 - 21 - 19) - (7 - 0).
10
Evaluate -35 - -2 - 0 - (-22 + 41 + -25).
-27
What is the value of -18 - (-31 + 12) - 20 - 3?
-22
(0 - 11) + 2 - 